{"id":104,"date":"2019-10-27T18:39:10","date_gmt":"2019-10-27T21:39:10","guid":{"rendered":"https:\/\/aplicacoes.fcc.sc.gov.br\/wpmasc\/?post_type=tnc_col_9_item&#038;p=104"},"modified":"2025-06-16T18:56:04","modified_gmt":"2025-06-16T21:56:04","slug":"s-titulo-12","status":"publish","type":"tnc_col_9_item","link":"https:\/\/aplicacoes.fcc.sc.gov.br\/wpmasc\/acervo\/s-titulo-12\/","title":{"rendered":"s\/t\u00edtulo"},"content":{"rendered":"<p>Jos\u00e9 Benedito Fonteles &#8211; Bene Fonteles (Bragan\u00e7a, PA, 1953), s\/t\u00edtulo, 2005, ovos de coser meias de Blumenau\/SC e grampos de Ta\u00edba\/CE, 39x153x7cm<\/p>\n","protected":false},"featured_media":29767,"parent":0,"menu_order":0,"comment_status":"closed","ping_status":"closed","template":"","format":"standard","class_list":["post-104","tnc_col_9_item","type-tnc_col_9_item","status-publish","format-standard","has-post-thumbnail","hentry","tnc_tax_5933-ferro","tnc_tax_5933-madeira","tnc_tax_5899-objeto","tnc_tax_6-jose-benedito-fonteles-bene-fonteles"],"_links":{"self":[{"href":"https:\/\/aplicacoes.fcc.sc.gov.br\/wpmasc\/wp-json\/wp\/v2\/tnc_col_9_item\/104","targetHints":{"allow":["GET"]}}],"collection":[{"href":"https:\/\/aplicacoes.fcc.sc.gov.br\/wpmasc\/wp-json\/wp\/v2\/tnc_col_9_item"}],"about":[{"href":"https:\/\/aplicacoes.fcc.sc.gov.br\/wpmasc\/wp-json\/wp\/v2\/types\/tnc_col_9_item"}],"replies":[{"embeddable":true,"href":"https:\/\/aplicacoes.fcc.sc.gov.br\/wpmasc\/wp-json\/wp\/v2\/comments?post=104"}],"version-history":[{"count":1,"href":"https:\/\/aplicacoes.fcc.sc.gov.br\/wpmasc\/wp-json\/wp\/v2\/tnc_col_9_item\/104\/revisions"}],"predecessor-version":[{"id":29528,"href":"https:\/\/aplicacoes.fcc.sc.gov.br\/wpmasc\/wp-json\/wp\/v2\/tnc_col_9_item\/104\/revisions\/29528"}],"wp:featuredmedia":[{"embeddable":true,"href":"https:\/\/aplicacoes.fcc.sc.gov.br\/wpmasc\/wp-json\/wp\/v2\/media\/29767"}],"wp:attachment":[{"href":"https:\/\/aplicacoes.fcc.sc.gov.br\/wpmasc\/wp-json\/wp\/v2\/media?parent=104"}],"curies":[{"name":"wp","href":"https:\/\/api.w.org\/{rel}","templated":true}]}}

s/título

<p>José Benedito Fonteles &#8211; Bene Fonteles (Bragança, PA, 1953), s/título, 2005, ovos de coser meias de Blumenau/SC e grampos de Taíba/CE, 39x153x7cm</p>
