{"id":109,"date":"2019-10-27T18:39:17","date_gmt":"2019-10-27T21:39:17","guid":{"rendered":"https:\/\/aplicacoes.fcc.sc.gov.br\/wpmasc\/?post_type=tnc_col_9_item&#038;p=109"},"modified":"2022-06-01T13:15:39","modified_gmt":"2022-06-01T16:15:39","slug":"projeto-ficar-de-pe-no-2-tracas","status":"publish","type":"tnc_col_9_item","link":"https:\/\/aplicacoes.fcc.sc.gov.br\/wpmasc\/acervo\/projeto-ficar-de-pe-no-2-tracas\/","title":{"rendered":"\u201cProjeto \u201cFicar de P\u00e9 n\u00ba 2 \u2013 Tra\u00e7as\u201d"},"content":{"rendered":"<p>Aline Dias (Itaja\u00ed, SC, 1980)\u201cProjeto \u201cFicar de P\u00e9 n\u00ba 2 \u2013 Tra\u00e7as\u201d, projeto conceitual \u2013 instala\u00e7\u00e3o com casulos de tra\u00e7as recolhidas no espa\u00e7o interno do museu, dimens\u00f5es variadas<\/p>\n","protected":false},"featured_media":13266,"parent":0,"menu_order":0,"comment_status":"closed","ping_status":"closed","template":"","format":"standard","class_list":["post-109","tnc_col_9_item","type-tnc_col_9_item","status-publish","format-standard","has-post-thumbnail","hentry","tnc_tax_5899-instalacao","tnc_tax_6-aline-dias"],"_links":{"self":[{"href":"https:\/\/aplicacoes.fcc.sc.gov.br\/wpmasc\/wp-json\/wp\/v2\/tnc_col_9_item\/109","targetHints":{"allow":["GET"]}}],"collection":[{"href":"https:\/\/aplicacoes.fcc.sc.gov.br\/wpmasc\/wp-json\/wp\/v2\/tnc_col_9_item"}],"about":[{"href":"https:\/\/aplicacoes.fcc.sc.gov.br\/wpmasc\/wp-json\/wp\/v2\/types\/tnc_col_9_item"}],"replies":[{"embeddable":true,"href":"https:\/\/aplicacoes.fcc.sc.gov.br\/wpmasc\/wp-json\/wp\/v2\/comments?post=109"}],"version-history":[{"count":6,"href":"https:\/\/aplicacoes.fcc.sc.gov.br\/wpmasc\/wp-json\/wp\/v2\/tnc_col_9_item\/109\/revisions"}],"predecessor-version":[{"id":13594,"href":"https:\/\/aplicacoes.fcc.sc.gov.br\/wpmasc\/wp-json\/wp\/v2\/tnc_col_9_item\/109\/revisions\/13594"}],"wp:featuredmedia":[{"embeddable":true,"href":"https:\/\/aplicacoes.fcc.sc.gov.br\/wpmasc\/wp-json\/wp\/v2\/media\/13266"}],"wp:attachment":[{"href":"https:\/\/aplicacoes.fcc.sc.gov.br\/wpmasc\/wp-json\/wp\/v2\/media?parent=109"}],"curies":[{"name":"wp","href":"https:\/\/api.w.org\/{rel}","templated":true}]}}

“Projeto “Ficar de Pé nº 2 – Traças”

<p>Aline Dias (Itajaí, SC, 1980)“Projeto “Ficar de Pé nº 2 – Traças”, projeto conceitual – instalação com casulos de traças recolhidas no espaço interno do museu, dimensões variadas</p>
