{"id":110,"date":"2019-10-27T18:39:19","date_gmt":"2019-10-27T21:39:19","guid":{"rendered":"https:\/\/aplicacoes.fcc.sc.gov.br\/wpmasc\/?post_type=tnc_col_9_item&#038;p=110"},"modified":"2025-10-17T19:30:16","modified_gmt":"2025-10-17T22:30:16","slug":"planos-validades-e-frustracoes-sala-5","status":"publish","type":"tnc_col_9_item","link":"https:\/\/aplicacoes.fcc.sc.gov.br\/wpmasc\/acervo\/planos-validades-e-frustracoes-sala-5\/","title":{"rendered":"\u201cPlanos, validades e frustra\u00e7\u00f5es \u2013 Sala 5\u201d"},"content":{"rendered":"<p>Roberto Moreira, Traplev (Ca\u00e7ador, SC, 1977)\u201cPlanos, validades e frustra\u00e7\u00f5es \u2013 Sala 5\u201d, 2009 \/ 2010, instala\u00e7\u00e3o, dimens\u00f5es variadas.<\/p>\n","protected":false},"featured_media":23732,"parent":0,"menu_order":0,"comment_status":"closed","ping_status":"closed","template":"","format":"standard","class_list":["post-110","tnc_col_9_item","type-tnc_col_9_item","status-publish","format-standard","has-post-thumbnail","hentry","tnc_tax_5933-cartao","tnc_tax_5933-fotografico","tnc_tax_5933-madeira","tnc_tax_5899-instalacao","tnc_tax_6-roberto-moreira-junior-traplev"],"_links":{"self":[{"href":"https:\/\/aplicacoes.fcc.sc.gov.br\/wpmasc\/wp-json\/wp\/v2\/tnc_col_9_item\/110","targetHints":{"allow":["GET"]}}],"collection":[{"href":"https:\/\/aplicacoes.fcc.sc.gov.br\/wpmasc\/wp-json\/wp\/v2\/tnc_col_9_item"}],"about":[{"href":"https:\/\/aplicacoes.fcc.sc.gov.br\/wpmasc\/wp-json\/wp\/v2\/types\/tnc_col_9_item"}],"replies":[{"embeddable":true,"href":"https:\/\/aplicacoes.fcc.sc.gov.br\/wpmasc\/wp-json\/wp\/v2\/comments?post=110"}],"version-history":[{"count":1,"href":"https:\/\/aplicacoes.fcc.sc.gov.br\/wpmasc\/wp-json\/wp\/v2\/tnc_col_9_item\/110\/revisions"}],"predecessor-version":[{"id":23734,"href":"https:\/\/aplicacoes.fcc.sc.gov.br\/wpmasc\/wp-json\/wp\/v2\/tnc_col_9_item\/110\/revisions\/23734"}],"wp:featuredmedia":[{"embeddable":true,"href":"https:\/\/aplicacoes.fcc.sc.gov.br\/wpmasc\/wp-json\/wp\/v2\/media\/23732"}],"wp:attachment":[{"href":"https:\/\/aplicacoes.fcc.sc.gov.br\/wpmasc\/wp-json\/wp\/v2\/media?parent=110"}],"curies":[{"name":"wp","href":"https:\/\/api.w.org\/{rel}","templated":true}]}}

“Planos, validades e frustrações – Sala 5”

<p>Roberto Moreira, Traplev (Caçador, SC, 1977)“Planos, validades e frustrações – Sala 5”, 2009 / 2010, instalação, dimensões variadas.</p>
