{"id":112,"date":"2019-10-27T18:39:24","date_gmt":"2019-10-27T21:39:24","guid":{"rendered":"https:\/\/aplicacoes.fcc.sc.gov.br\/wpmasc\/?post_type=tnc_col_9_item&#038;p=112"},"modified":"2025-06-12T15:47:46","modified_gmt":"2025-06-12T18:47:46","slug":"assonancias-de-silencio-caixa-de-escuta","status":"publish","type":"tnc_col_9_item","link":"https:\/\/aplicacoes.fcc.sc.gov.br\/wpmasc\/acervo\/assonancias-de-silencio-caixa-de-escuta\/","title":{"rendered":"\u201cAsson\u00e2ncias de Sil\u00eancio (Caixa de Escuta)\u201d"},"content":{"rendered":"<p>Raquel Stolf (Indaial, SC, 1975), &#8211; \u201cAsson\u00e2ncias de Sil\u00eancio (Caixa de Escuta)\u201d, 2009 \/ 2010, instala\u00e7\u00e3o sonora, dimens\u00f5es variadas<\/p>\n","protected":false},"featured_media":7079,"parent":0,"menu_order":0,"comment_status":"closed","ping_status":"closed","template":"","format":"standard","class_list":["post-112","tnc_col_9_item","type-tnc_col_9_item","status-publish","format-standard","has-post-thumbnail","hentry","tnc_tax_5933-madeira","tnc_tax_5933-objeto","tnc_tax_5899-instalacao-sonora","tnc_tax_6-raquel-stolf"],"_links":{"self":[{"href":"https:\/\/aplicacoes.fcc.sc.gov.br\/wpmasc\/wp-json\/wp\/v2\/tnc_col_9_item\/112","targetHints":{"allow":["GET"]}}],"collection":[{"href":"https:\/\/aplicacoes.fcc.sc.gov.br\/wpmasc\/wp-json\/wp\/v2\/tnc_col_9_item"}],"about":[{"href":"https:\/\/aplicacoes.fcc.sc.gov.br\/wpmasc\/wp-json\/wp\/v2\/types\/tnc_col_9_item"}],"replies":[{"embeddable":true,"href":"https:\/\/aplicacoes.fcc.sc.gov.br\/wpmasc\/wp-json\/wp\/v2\/comments?post=112"}],"version-history":[{"count":1,"href":"https:\/\/aplicacoes.fcc.sc.gov.br\/wpmasc\/wp-json\/wp\/v2\/tnc_col_9_item\/112\/revisions"}],"predecessor-version":[{"id":26945,"href":"https:\/\/aplicacoes.fcc.sc.gov.br\/wpmasc\/wp-json\/wp\/v2\/tnc_col_9_item\/112\/revisions\/26945"}],"wp:featuredmedia":[{"embeddable":true,"href":"https:\/\/aplicacoes.fcc.sc.gov.br\/wpmasc\/wp-json\/wp\/v2\/media\/7079"}],"wp:attachment":[{"href":"https:\/\/aplicacoes.fcc.sc.gov.br\/wpmasc\/wp-json\/wp\/v2\/media?parent=112"}],"curies":[{"name":"wp","href":"https:\/\/api.w.org\/{rel}","templated":true}]}}

“Assonâncias de Silêncio (Caixa de Escuta)”

<p>Raquel Stolf (Indaial, SC, 1975), &#8211; “Assonâncias de Silêncio (Caixa de Escuta)”, 2009 / 2010, instalação sonora, dimensões variadas</p>
