{"id":113,"date":"2019-10-27T18:39:25","date_gmt":"2019-10-27T21:39:25","guid":{"rendered":"https:\/\/aplicacoes.fcc.sc.gov.br\/wpmasc\/?post_type=tnc_col_9_item&#038;p=113"},"modified":"2025-06-12T15:43:30","modified_gmt":"2025-06-12T18:43:30","slug":"assonancias-de-silencio-colecao","status":"publish","type":"tnc_col_9_item","link":"https:\/\/aplicacoes.fcc.sc.gov.br\/wpmasc\/acervo\/assonancias-de-silencio-colecao\/","title":{"rendered":"\u201cAsson\u00e2ncias de Sil\u00eancio (Cole\u00e7\u00e3o)\u201d"},"content":{"rendered":"<p>Raquel Stolf (Indaial, SC, 1975)\u201cAsson\u00e2ncias de Sil\u00eancio (Cole\u00e7\u00e3o)\u201d, 2007 \/ 2010, publica\u00e7\u00e3o sonora: CD de \u00e1udio com material impresso, dimens\u00f5es variadas<\/p>\n","protected":false},"featured_media":28273,"parent":0,"menu_order":0,"comment_status":"closed","ping_status":"closed","template":"","format":"standard","class_list":["post-113","tnc_col_9_item","type-tnc_col_9_item","status-publish","format-standard","has-post-thumbnail","hentry","tnc_tax_5933-cartao","tnc_tax_5933-disco-dvd","tnc_tax_5933-papel","tnc_tax_5899-impressao-offset","tnc_tax_6-raquel-stolf"],"_links":{"self":[{"href":"https:\/\/aplicacoes.fcc.sc.gov.br\/wpmasc\/wp-json\/wp\/v2\/tnc_col_9_item\/113","targetHints":{"allow":["GET"]}}],"collection":[{"href":"https:\/\/aplicacoes.fcc.sc.gov.br\/wpmasc\/wp-json\/wp\/v2\/tnc_col_9_item"}],"about":[{"href":"https:\/\/aplicacoes.fcc.sc.gov.br\/wpmasc\/wp-json\/wp\/v2\/types\/tnc_col_9_item"}],"replies":[{"embeddable":true,"href":"https:\/\/aplicacoes.fcc.sc.gov.br\/wpmasc\/wp-json\/wp\/v2\/comments?post=113"}],"version-history":[{"count":5,"href":"https:\/\/aplicacoes.fcc.sc.gov.br\/wpmasc\/wp-json\/wp\/v2\/tnc_col_9_item\/113\/revisions"}],"predecessor-version":[{"id":29396,"href":"https:\/\/aplicacoes.fcc.sc.gov.br\/wpmasc\/wp-json\/wp\/v2\/tnc_col_9_item\/113\/revisions\/29396"}],"wp:featuredmedia":[{"embeddable":true,"href":"https:\/\/aplicacoes.fcc.sc.gov.br\/wpmasc\/wp-json\/wp\/v2\/media\/28273"}],"wp:attachment":[{"href":"https:\/\/aplicacoes.fcc.sc.gov.br\/wpmasc\/wp-json\/wp\/v2\/media?parent=113"}],"curies":[{"name":"wp","href":"https:\/\/api.w.org\/{rel}","templated":true}]}}

“Assonâncias de Silêncio (Coleção)”

<p>Raquel Stolf (Indaial, SC, 1975)“Assonâncias de Silêncio (Coleção)”, 2007 / 2010, publicação sonora: CD de áudio com material impresso, dimensões variadas</p>
