{"id":115,"date":"2019-10-27T18:39:32","date_gmt":"2019-10-27T21:39:32","guid":{"rendered":"https:\/\/aplicacoes.fcc.sc.gov.br\/wpmasc\/?post_type=tnc_col_9_item&#038;p=115"},"modified":"2019-11-05T18:34:34","modified_gmt":"2019-11-05T20:34:34","slug":"s-titulo-da-serie-do-outro-lado","status":"publish","type":"tnc_col_9_item","link":"https:\/\/aplicacoes.fcc.sc.gov.br\/wpmasc\/acervo\/s-titulo-da-serie-do-outro-lado\/","title":{"rendered":"s\/t\u00edtulo \u2013 da s\u00e9rie do Outro lado"},"content":{"rendered":"<p>Fabiana Wielewicki (Londrina, PR, 1977), s\/t\u00edtulo \u2013 da s\u00e9rie do Outro lado, 2008, impress\u00e3o em papel fotogr\u00e1fico (d\u00edptico), 75x129cm.<\/p>\n","protected":false},"featured_media":5852,"parent":0,"menu_order":0,"comment_status":"closed","ping_status":"closed","template":"","format":"standard","class_list":["post-115","tnc_col_9_item","type-tnc_col_9_item","status-publish","format-standard","has-post-thumbnail","hentry","tnc_tax_5933-fotografico","tnc_tax_5899-fotografia","tnc_tax_6-fabiana-wielewicki"],"_links":{"self":[{"href":"https:\/\/aplicacoes.fcc.sc.gov.br\/wpmasc\/wp-json\/wp\/v2\/tnc_col_9_item\/115","targetHints":{"allow":["GET"]}}],"collection":[{"href":"https:\/\/aplicacoes.fcc.sc.gov.br\/wpmasc\/wp-json\/wp\/v2\/tnc_col_9_item"}],"about":[{"href":"https:\/\/aplicacoes.fcc.sc.gov.br\/wpmasc\/wp-json\/wp\/v2\/types\/tnc_col_9_item"}],"replies":[{"embeddable":true,"href":"https:\/\/aplicacoes.fcc.sc.gov.br\/wpmasc\/wp-json\/wp\/v2\/comments?post=115"}],"version-history":[{"count":0,"href":"https:\/\/aplicacoes.fcc.sc.gov.br\/wpmasc\/wp-json\/wp\/v2\/tnc_col_9_item\/115\/revisions"}],"wp:featuredmedia":[{"embeddable":true,"href":"https:\/\/aplicacoes.fcc.sc.gov.br\/wpmasc\/wp-json\/wp\/v2\/media\/5852"}],"wp:attachment":[{"href":"https:\/\/aplicacoes.fcc.sc.gov.br\/wpmasc\/wp-json\/wp\/v2\/media?parent=115"}],"curies":[{"name":"wp","href":"https:\/\/api.w.org\/{rel}","templated":true}]}}

s/título – da série do Outro lado

<p>Fabiana Wielewicki (Londrina, PR, 1977), s/título – da série do Outro lado, 2008, impressão em papel fotográfico (díptico), 75x129cm.</p>
