{"id":117,"date":"2019-10-27T18:39:35","date_gmt":"2019-10-27T21:39:35","guid":{"rendered":"https:\/\/aplicacoes.fcc.sc.gov.br\/wpmasc\/?post_type=tnc_col_9_item&#038;p=117"},"modified":"2019-11-05T18:37:44","modified_gmt":"2019-11-05T20:37:44","slug":"s-titulo-14","status":"publish","type":"tnc_col_9_item","link":"https:\/\/aplicacoes.fcc.sc.gov.br\/wpmasc\/acervo\/s-titulo-14\/","title":{"rendered":"s\/t\u00edtulo"},"content":{"rendered":"<p>Tony Ramos de Camargo (Uni\u00e3o da Vit\u00f3ria, PR, 1979), s\/t\u00edtulo, 2008, tinta industrial sobre fotografia em metacrilato, 57x73x5cm.<\/p>\n","protected":false},"featured_media":5848,"parent":0,"menu_order":0,"comment_status":"closed","ping_status":"closed","template":"","format":"standard","class_list":["post-117","tnc_col_9_item","type-tnc_col_9_item","status-publish","format-standard","has-post-thumbnail","hentry","tnc_tax_5933-acrilico","tnc_tax_5899-fotografia","tnc_tax_6-tony-ramos-de-camargo-tony-camargo"],"_links":{"self":[{"href":"https:\/\/aplicacoes.fcc.sc.gov.br\/wpmasc\/wp-json\/wp\/v2\/tnc_col_9_item\/117","targetHints":{"allow":["GET"]}}],"collection":[{"href":"https:\/\/aplicacoes.fcc.sc.gov.br\/wpmasc\/wp-json\/wp\/v2\/tnc_col_9_item"}],"about":[{"href":"https:\/\/aplicacoes.fcc.sc.gov.br\/wpmasc\/wp-json\/wp\/v2\/types\/tnc_col_9_item"}],"replies":[{"embeddable":true,"href":"https:\/\/aplicacoes.fcc.sc.gov.br\/wpmasc\/wp-json\/wp\/v2\/comments?post=117"}],"version-history":[{"count":0,"href":"https:\/\/aplicacoes.fcc.sc.gov.br\/wpmasc\/wp-json\/wp\/v2\/tnc_col_9_item\/117\/revisions"}],"wp:featuredmedia":[{"embeddable":true,"href":"https:\/\/aplicacoes.fcc.sc.gov.br\/wpmasc\/wp-json\/wp\/v2\/media\/5848"}],"wp:attachment":[{"href":"https:\/\/aplicacoes.fcc.sc.gov.br\/wpmasc\/wp-json\/wp\/v2\/media?parent=117"}],"curies":[{"name":"wp","href":"https:\/\/api.w.org\/{rel}","templated":true}]}}

s/título

<p>Tony Ramos de Camargo (União da Vitória, PR, 1979), s/título, 2008, tinta industrial sobre fotografia em metacrilato, 57x73x5cm.</p>
