{"id":118,"date":"2019-10-27T18:39:39","date_gmt":"2019-10-27T21:39:39","guid":{"rendered":"https:\/\/aplicacoes.fcc.sc.gov.br\/wpmasc\/?post_type=tnc_col_9_item&#038;p=118"},"modified":"2021-10-04T18:45:48","modified_gmt":"2021-10-04T21:45:48","slug":"s-titulo-15","status":"publish","type":"tnc_col_9_item","link":"https:\/\/aplicacoes.fcc.sc.gov.br\/wpmasc\/acervo\/s-titulo-15\/","title":{"rendered":"s\/t\u00edtulo"},"content":{"rendered":"<p>Tony Ramos de Camargo (Uni\u00e3o da Vit\u00f3ria, PR, 1979), s\/t\u00edtulo, 2008, tinta industrial sobre fotografia em metacrilato, 55x80x5cm.<\/p>\n","protected":false},"featured_media":5846,"parent":0,"menu_order":0,"comment_status":"closed","ping_status":"closed","template":"","format":"standard","class_list":["post-118","tnc_col_9_item","type-tnc_col_9_item","status-publish","format-standard","has-post-thumbnail","hentry","tnc_tax_5933-acrilico","tnc_tax_5899-fotografia","tnc_tax_6-tony-ramos-de-camargo-tony-camargo"],"_links":{"self":[{"href":"https:\/\/aplicacoes.fcc.sc.gov.br\/wpmasc\/wp-json\/wp\/v2\/tnc_col_9_item\/118","targetHints":{"allow":["GET"]}}],"collection":[{"href":"https:\/\/aplicacoes.fcc.sc.gov.br\/wpmasc\/wp-json\/wp\/v2\/tnc_col_9_item"}],"about":[{"href":"https:\/\/aplicacoes.fcc.sc.gov.br\/wpmasc\/wp-json\/wp\/v2\/types\/tnc_col_9_item"}],"replies":[{"embeddable":true,"href":"https:\/\/aplicacoes.fcc.sc.gov.br\/wpmasc\/wp-json\/wp\/v2\/comments?post=118"}],"version-history":[{"count":1,"href":"https:\/\/aplicacoes.fcc.sc.gov.br\/wpmasc\/wp-json\/wp\/v2\/tnc_col_9_item\/118\/revisions"}],"predecessor-version":[{"id":7457,"href":"https:\/\/aplicacoes.fcc.sc.gov.br\/wpmasc\/wp-json\/wp\/v2\/tnc_col_9_item\/118\/revisions\/7457"}],"wp:featuredmedia":[{"embeddable":true,"href":"https:\/\/aplicacoes.fcc.sc.gov.br\/wpmasc\/wp-json\/wp\/v2\/media\/5846"}],"wp:attachment":[{"href":"https:\/\/aplicacoes.fcc.sc.gov.br\/wpmasc\/wp-json\/wp\/v2\/media?parent=118"}],"curies":[{"name":"wp","href":"https:\/\/api.w.org\/{rel}","templated":true}]}}

s/título

<p>Tony Ramos de Camargo (União da Vitória, PR, 1979), s/título, 2008, tinta industrial sobre fotografia em metacrilato, 55x80x5cm.</p>
