{"id":121,"date":"2019-10-27T18:39:43","date_gmt":"2019-10-27T21:39:43","guid":{"rendered":"https:\/\/aplicacoes.fcc.sc.gov.br\/wpmasc\/?post_type=tnc_col_9_item&#038;p=121"},"modified":"2021-10-04T18:46:24","modified_gmt":"2021-10-04T21:46:24","slug":"serie-observatorios-diptico-2","status":"publish","type":"tnc_col_9_item","link":"https:\/\/aplicacoes.fcc.sc.gov.br\/wpmasc\/acervo\/serie-observatorios-diptico-2\/","title":{"rendered":"s\u00e9rie \u201cObservat\u00f3rios\u201d (d\u00edptico)"},"content":{"rendered":"<p>Tatiana Sampaio Ferraz (S\u00e3o Paulo, SP, 1974), s\u00e9rie \u201cObservat\u00f3rios\u201d (d\u00edptico), 2008, marchetaria com f\u00f3rmica sobre compensado e caixa com mon\u00f3culo, 58x69x4cm.<\/p>\n","protected":false},"featured_media":5840,"parent":0,"menu_order":0,"comment_status":"closed","ping_status":"closed","template":"","format":"standard","class_list":["post-121","tnc_col_9_item","type-tnc_col_9_item","status-publish","format-standard","has-post-thumbnail","hentry","tnc_tax_5933-aglomerada","tnc_tax_5933-laminada","tnc_tax_5933-laminado-plastico","tnc_tax_5899-marchetaria","tnc_tax_5899-objeto","tnc_tax_5899-pintura","tnc_tax_6-tatiana-sampaio-ferraz"],"_links":{"self":[{"href":"https:\/\/aplicacoes.fcc.sc.gov.br\/wpmasc\/wp-json\/wp\/v2\/tnc_col_9_item\/121","targetHints":{"allow":["GET"]}}],"collection":[{"href":"https:\/\/aplicacoes.fcc.sc.gov.br\/wpmasc\/wp-json\/wp\/v2\/tnc_col_9_item"}],"about":[{"href":"https:\/\/aplicacoes.fcc.sc.gov.br\/wpmasc\/wp-json\/wp\/v2\/types\/tnc_col_9_item"}],"replies":[{"embeddable":true,"href":"https:\/\/aplicacoes.fcc.sc.gov.br\/wpmasc\/wp-json\/wp\/v2\/comments?post=121"}],"version-history":[{"count":1,"href":"https:\/\/aplicacoes.fcc.sc.gov.br\/wpmasc\/wp-json\/wp\/v2\/tnc_col_9_item\/121\/revisions"}],"predecessor-version":[{"id":7465,"href":"https:\/\/aplicacoes.fcc.sc.gov.br\/wpmasc\/wp-json\/wp\/v2\/tnc_col_9_item\/121\/revisions\/7465"}],"wp:featuredmedia":[{"embeddable":true,"href":"https:\/\/aplicacoes.fcc.sc.gov.br\/wpmasc\/wp-json\/wp\/v2\/media\/5840"}],"wp:attachment":[{"href":"https:\/\/aplicacoes.fcc.sc.gov.br\/wpmasc\/wp-json\/wp\/v2\/media?parent=121"}],"curies":[{"name":"wp","href":"https:\/\/api.w.org\/{rel}","templated":true}]}}

série “Observatórios” (díptico)

<p>Tatiana Sampaio Ferraz (São Paulo, SP, 1974), série “Observatórios” (díptico), 2008, marchetaria com fórmica sobre compensado e caixa com monóculo, 58x69x4cm.</p>
