{"id":56,"date":"2019-10-27T18:37:50","date_gmt":"2019-10-27T21:37:50","guid":{"rendered":"https:\/\/aplicacoes.fcc.sc.gov.br\/wpmasc\/?post_type=tnc_col_9_item&#038;p=56"},"modified":"2023-07-17T16:17:27","modified_gmt":"2023-07-17T19:17:27","slug":"submerso","status":"publish","type":"tnc_col_9_item","link":"https:\/\/aplicacoes.fcc.sc.gov.br\/wpmasc\/acervo\/submerso\/","title":{"rendered":"\u201cSubmerso\u201d"},"content":{"rendered":"<p>Caetano Dias (Feira de Santana, BA, 1959)\u201cSubmerso\u201d, 2009, impress\u00e3o sobre papel fotogr\u00e1fico (8 pe\u00e7as), 60&#215;73,5cm (cada pe\u00e7a) \u2013 120x294cm (conjunto)<\/p>\n","protected":false},"featured_media":5872,"parent":0,"menu_order":0,"comment_status":"closed","ping_status":"closed","template":"","format":"standard","class_list":["post-56","tnc_col_9_item","type-tnc_col_9_item","status-publish","format-standard","has-post-thumbnail","hentry","tnc_tax_5933-fotografico","tnc_tax_5899-fotografia","tnc_tax_5899-impressao-offset","tnc_tax_6-caetano-dias"],"_links":{"self":[{"href":"https:\/\/aplicacoes.fcc.sc.gov.br\/wpmasc\/wp-json\/wp\/v2\/tnc_col_9_item\/56","targetHints":{"allow":["GET"]}}],"collection":[{"href":"https:\/\/aplicacoes.fcc.sc.gov.br\/wpmasc\/wp-json\/wp\/v2\/tnc_col_9_item"}],"about":[{"href":"https:\/\/aplicacoes.fcc.sc.gov.br\/wpmasc\/wp-json\/wp\/v2\/types\/tnc_col_9_item"}],"replies":[{"embeddable":true,"href":"https:\/\/aplicacoes.fcc.sc.gov.br\/wpmasc\/wp-json\/wp\/v2\/comments?post=56"}],"version-history":[{"count":1,"href":"https:\/\/aplicacoes.fcc.sc.gov.br\/wpmasc\/wp-json\/wp\/v2\/tnc_col_9_item\/56\/revisions"}],"predecessor-version":[{"id":12967,"href":"https:\/\/aplicacoes.fcc.sc.gov.br\/wpmasc\/wp-json\/wp\/v2\/tnc_col_9_item\/56\/revisions\/12967"}],"wp:featuredmedia":[{"embeddable":true,"href":"https:\/\/aplicacoes.fcc.sc.gov.br\/wpmasc\/wp-json\/wp\/v2\/media\/5872"}],"wp:attachment":[{"href":"https:\/\/aplicacoes.fcc.sc.gov.br\/wpmasc\/wp-json\/wp\/v2\/media?parent=56"}],"curies":[{"name":"wp","href":"https:\/\/api.w.org\/{rel}","templated":true}]}}

<p>Caetano Dias (Feira de Santana, BA, 1959)“Submerso”, 2009, impressão sobre papel fotográfico (8 peças), 60&#215;73,5cm (cada peça) – 120x294cm (conjunto)</p>
