{"id":61,"date":"2019-10-27T18:38:02","date_gmt":"2019-10-27T21:38:02","guid":{"rendered":"https:\/\/aplicacoes.fcc.sc.gov.br\/wpmasc\/?post_type=tnc_col_9_item&#038;p=61"},"modified":"2025-12-03T13:28:51","modified_gmt":"2025-12-03T16:28:51","slug":"s-titulo-5","status":"publish","type":"tnc_col_9_item","link":"https:\/\/aplicacoes.fcc.sc.gov.br\/wpmasc\/acervo\/s-titulo-5\/","title":{"rendered":"sem t\u00edtulo"},"content":{"rendered":"<p>Jorge Luiz Schroeder (Cruz Alta, RS, 1962), sem t\u00edtulo, 2004, alum\u00ednio e lat\u00e3o, 225x137x80cm.<\/p>\n","protected":false},"featured_media":22515,"parent":0,"menu_order":0,"comment_status":"closed","ping_status":"closed","template":"","format":"standard","class_list":["post-61","tnc_col_9_item","type-tnc_col_9_item","status-publish","format-standard","has-post-thumbnail","hentry","tnc_tax_5933-aluminio","tnc_tax_5933-latao","tnc_tax_5899-escultura","tnc_tax_6-jorge-luiz-schroeder"],"_links":{"self":[{"href":"https:\/\/aplicacoes.fcc.sc.gov.br\/wpmasc\/wp-json\/wp\/v2\/tnc_col_9_item\/61","targetHints":{"allow":["GET"]}}],"collection":[{"href":"https:\/\/aplicacoes.fcc.sc.gov.br\/wpmasc\/wp-json\/wp\/v2\/tnc_col_9_item"}],"about":[{"href":"https:\/\/aplicacoes.fcc.sc.gov.br\/wpmasc\/wp-json\/wp\/v2\/types\/tnc_col_9_item"}],"replies":[{"embeddable":true,"href":"https:\/\/aplicacoes.fcc.sc.gov.br\/wpmasc\/wp-json\/wp\/v2\/comments?post=61"}],"version-history":[{"count":4,"href":"https:\/\/aplicacoes.fcc.sc.gov.br\/wpmasc\/wp-json\/wp\/v2\/tnc_col_9_item\/61\/revisions"}],"predecessor-version":[{"id":42999,"href":"https:\/\/aplicacoes.fcc.sc.gov.br\/wpmasc\/wp-json\/wp\/v2\/tnc_col_9_item\/61\/revisions\/42999"}],"wp:featuredmedia":[{"embeddable":true,"href":"https:\/\/aplicacoes.fcc.sc.gov.br\/wpmasc\/wp-json\/wp\/v2\/media\/22515"}],"wp:attachment":[{"href":"https:\/\/aplicacoes.fcc.sc.gov.br\/wpmasc\/wp-json\/wp\/v2\/media?parent=61"}],"curies":[{"name":"wp","href":"https:\/\/api.w.org\/{rel}","templated":true}]}}

sem título

<p>Jorge Luiz Schroeder (Cruz Alta, RS, 1962), sem título, 2004, alumínio e latão, 225x137x80cm.</p>
