{"id":66,"date":"2019-10-27T18:38:09","date_gmt":"2019-10-27T21:38:09","guid":{"rendered":"https:\/\/aplicacoes.fcc.sc.gov.br\/wpmasc\/?post_type=tnc_col_9_item&#038;p=66"},"modified":"2025-06-03T17:46:04","modified_gmt":"2025-06-03T20:46:04","slug":"s-titulo-10","status":"publish","type":"tnc_col_9_item","link":"https:\/\/aplicacoes.fcc.sc.gov.br\/wpmasc\/acervo\/s-titulo-10\/","title":{"rendered":"s\/t\u00edtulo"},"content":{"rendered":"<p>Rosane Martins Fernandes &#8211; Ane Fernandes (Itaja\u00ed, SC, 1958), s\/t\u00edtulo, 1986, cer\u00e2mica e m\u00e1rmore, 41x29x29cm.<\/p>\n","protected":false},"featured_media":26955,"parent":0,"menu_order":0,"comment_status":"closed","ping_status":"closed","template":"","format":"standard","class_list":["post-66","tnc_col_9_item","type-tnc_col_9_item","status-publish","format-standard","has-post-thumbnail","hentry","tnc_tax_5933-argila","tnc_tax_5933-marmore","tnc_tax_5899-ceramica","tnc_tax_6-rosane-martins-fernandes-ane-fernandes"],"_links":{"self":[{"href":"https:\/\/aplicacoes.fcc.sc.gov.br\/wpmasc\/wp-json\/wp\/v2\/tnc_col_9_item\/66","targetHints":{"allow":["GET"]}}],"collection":[{"href":"https:\/\/aplicacoes.fcc.sc.gov.br\/wpmasc\/wp-json\/wp\/v2\/tnc_col_9_item"}],"about":[{"href":"https:\/\/aplicacoes.fcc.sc.gov.br\/wpmasc\/wp-json\/wp\/v2\/types\/tnc_col_9_item"}],"replies":[{"embeddable":true,"href":"https:\/\/aplicacoes.fcc.sc.gov.br\/wpmasc\/wp-json\/wp\/v2\/comments?post=66"}],"version-history":[{"count":1,"href":"https:\/\/aplicacoes.fcc.sc.gov.br\/wpmasc\/wp-json\/wp\/v2\/tnc_col_9_item\/66\/revisions"}],"predecessor-version":[{"id":26957,"href":"https:\/\/aplicacoes.fcc.sc.gov.br\/wpmasc\/wp-json\/wp\/v2\/tnc_col_9_item\/66\/revisions\/26957"}],"wp:featuredmedia":[{"embeddable":true,"href":"https:\/\/aplicacoes.fcc.sc.gov.br\/wpmasc\/wp-json\/wp\/v2\/media\/26955"}],"wp:attachment":[{"href":"https:\/\/aplicacoes.fcc.sc.gov.br\/wpmasc\/wp-json\/wp\/v2\/media?parent=66"}],"curies":[{"name":"wp","href":"https:\/\/api.w.org\/{rel}","templated":true}]}}

s/título

<p>Rosane Martins Fernandes &#8211; Ane Fernandes (Itajaí, SC, 1958), s/título, 1986, cerâmica e mármore, 41x29x29cm.</p>
