{"id":72,"date":"2019-10-27T18:38:20","date_gmt":"2019-10-27T21:38:20","guid":{"rendered":"https:\/\/aplicacoes.fcc.sc.gov.br\/wpmasc\/?post_type=tnc_col_9_item&#038;p=72"},"modified":"2024-01-29T16:31:48","modified_gmt":"2024-01-29T19:31:48","slug":"o-anciao-parte-da-instalacao-sagracao-da-primavera","status":"publish","type":"tnc_col_9_item","link":"https:\/\/aplicacoes.fcc.sc.gov.br\/wpmasc\/acervo\/o-anciao-parte-da-instalacao-sagracao-da-primavera\/","title":{"rendered":"\u201cO Anci\u00e3o&#8221; parte da instala\u00e7\u00e3o &#8220;Sagra\u00e7\u00e3o da Primavera\u201d"},"content":{"rendered":"<p>Doraci Girrulat (Rio do Sul, SC, 1947)\u201cO Anci\u00e3o&#8221;, parte da instala\u00e7\u00e3o &#8220;Sagra\u00e7\u00e3o da Primavera\u201d, 1988, escultura em tecido de inox, 210x230x150cm.<\/p>\n","protected":false},"featured_media":5864,"parent":0,"menu_order":0,"comment_status":"closed","ping_status":"closed","template":"","format":"standard","class_list":["post-72","tnc_col_9_item","type-tnc_col_9_item","status-publish","format-standard","has-post-thumbnail","hentry","tnc_tax_5933-tela-latao","tnc_tax_5899-escultura","tnc_tax_5899-instalacao","tnc_tax_6-doraci-girrulat"],"_links":{"self":[{"href":"https:\/\/aplicacoes.fcc.sc.gov.br\/wpmasc\/wp-json\/wp\/v2\/tnc_col_9_item\/72","targetHints":{"allow":["GET"]}}],"collection":[{"href":"https:\/\/aplicacoes.fcc.sc.gov.br\/wpmasc\/wp-json\/wp\/v2\/tnc_col_9_item"}],"about":[{"href":"https:\/\/aplicacoes.fcc.sc.gov.br\/wpmasc\/wp-json\/wp\/v2\/types\/tnc_col_9_item"}],"replies":[{"embeddable":true,"href":"https:\/\/aplicacoes.fcc.sc.gov.br\/wpmasc\/wp-json\/wp\/v2\/comments?post=72"}],"version-history":[{"count":1,"href":"https:\/\/aplicacoes.fcc.sc.gov.br\/wpmasc\/wp-json\/wp\/v2\/tnc_col_9_item\/72\/revisions"}],"predecessor-version":[{"id":21894,"href":"https:\/\/aplicacoes.fcc.sc.gov.br\/wpmasc\/wp-json\/wp\/v2\/tnc_col_9_item\/72\/revisions\/21894"}],"wp:featuredmedia":[{"embeddable":true,"href":"https:\/\/aplicacoes.fcc.sc.gov.br\/wpmasc\/wp-json\/wp\/v2\/media\/5864"}],"wp:attachment":[{"href":"https:\/\/aplicacoes.fcc.sc.gov.br\/wpmasc\/wp-json\/wp\/v2\/media?parent=72"}],"curies":[{"name":"wp","href":"https:\/\/api.w.org\/{rel}","templated":true}]}}

“O Ancião&#8221; parte da instalação &#8220;Sagração da Primavera”

<p>Doraci Girrulat (Rio do Sul, SC, 1947)“O Ancião&#8221;, parte da instalação &#8220;Sagração da Primavera”, 1988, escultura em tecido de inox, 210x230x150cm.</p>
