{"id":73,"date":"2019-10-27T18:38:23","date_gmt":"2019-10-27T21:38:23","guid":{"rendered":"https:\/\/aplicacoes.fcc.sc.gov.br\/wpmasc\/?post_type=tnc_col_9_item&#038;p=73"},"modified":"2024-01-29T16:32:40","modified_gmt":"2024-01-29T19:32:40","slug":"a-grande-maeparte-da-instalacao-sagracao-da-primavera","status":"publish","type":"tnc_col_9_item","link":"https:\/\/aplicacoes.fcc.sc.gov.br\/wpmasc\/acervo\/a-grande-maeparte-da-instalacao-sagracao-da-primavera\/","title":{"rendered":"\u201c A Grande M\u00e3e&#8221;parte da instala\u00e7\u00e3o &#8220;Sagra\u00e7\u00e3o da Primavera\u201d"},"content":{"rendered":"<p>Doraci Girrulat (Rio do Sul, SC, 1947)\u201c A Grande M\u00e3e&#8221;, parte da instala\u00e7\u00e3o &#8220;Sagra\u00e7\u00e3o da Primavera\u201d, 1988, escultura em tecido anonizado tratado, 170x75x70cm<\/p>\n","protected":false},"featured_media":5862,"parent":0,"menu_order":0,"comment_status":"closed","ping_status":"closed","template":"","format":"standard","class_list":["post-73","tnc_col_9_item","type-tnc_col_9_item","status-publish","format-standard","has-post-thumbnail","hentry","tnc_tax_5933-tela-latao","tnc_tax_5899-escultura","tnc_tax_5899-instalacao","tnc_tax_6-doraci-girrulat"],"_links":{"self":[{"href":"https:\/\/aplicacoes.fcc.sc.gov.br\/wpmasc\/wp-json\/wp\/v2\/tnc_col_9_item\/73","targetHints":{"allow":["GET"]}}],"collection":[{"href":"https:\/\/aplicacoes.fcc.sc.gov.br\/wpmasc\/wp-json\/wp\/v2\/tnc_col_9_item"}],"about":[{"href":"https:\/\/aplicacoes.fcc.sc.gov.br\/wpmasc\/wp-json\/wp\/v2\/types\/tnc_col_9_item"}],"replies":[{"embeddable":true,"href":"https:\/\/aplicacoes.fcc.sc.gov.br\/wpmasc\/wp-json\/wp\/v2\/comments?post=73"}],"version-history":[{"count":1,"href":"https:\/\/aplicacoes.fcc.sc.gov.br\/wpmasc\/wp-json\/wp\/v2\/tnc_col_9_item\/73\/revisions"}],"predecessor-version":[{"id":21897,"href":"https:\/\/aplicacoes.fcc.sc.gov.br\/wpmasc\/wp-json\/wp\/v2\/tnc_col_9_item\/73\/revisions\/21897"}],"wp:featuredmedia":[{"embeddable":true,"href":"https:\/\/aplicacoes.fcc.sc.gov.br\/wpmasc\/wp-json\/wp\/v2\/media\/5862"}],"wp:attachment":[{"href":"https:\/\/aplicacoes.fcc.sc.gov.br\/wpmasc\/wp-json\/wp\/v2\/media?parent=73"}],"curies":[{"name":"wp","href":"https:\/\/api.w.org\/{rel}","templated":true}]}}

“ A Grande Mãe&#8221;parte da instalação &#8220;Sagração da Primavera”

<p>Doraci Girrulat (Rio do Sul, SC, 1947)“ A Grande Mãe&#8221;, parte da instalação &#8220;Sagração da Primavera”, 1988, escultura em tecido anonizado tratado, 170x75x70cm</p>
