{"id":80,"date":"2019-10-27T18:38:33","date_gmt":"2019-10-27T21:38:33","guid":{"rendered":"https:\/\/aplicacoes.fcc.sc.gov.br\/wpmasc\/?post_type=tnc_col_9_item&#038;p=80"},"modified":"2019-10-28T12:01:13","modified_gmt":"2019-10-28T15:01:13","slug":"amazona-do-album-eco-art","status":"publish","type":"tnc_col_9_item","link":"https:\/\/aplicacoes.fcc.sc.gov.br\/wpmasc\/acervo\/amazona-do-album-eco-art\/","title":{"rendered":"\u201cAmazona\u201d do \u00c1lbum Eco Art"},"content":{"rendered":"<p>Santiago Cardenas (Bogot\u00e1, Col\u00f4mbia, 1927)\u201cAmazona\u201d, do \u00c1lbum Eco Art, 1992, serigrafia sobre papel, 75&#215;63,5cm.<\/p>\n","protected":false},"featured_media":0,"parent":0,"menu_order":0,"comment_status":"closed","ping_status":"closed","template":"","format":"standard","class_list":["post-80","tnc_col_9_item","type-tnc_col_9_item","status-publish","format-standard","hentry","tnc_tax_5933-papel","tnc_tax_5899-serigrafia","tnc_tax_6-santiago-cardenas"],"_links":{"self":[{"href":"https:\/\/aplicacoes.fcc.sc.gov.br\/wpmasc\/wp-json\/wp\/v2\/tnc_col_9_item\/80","targetHints":{"allow":["GET"]}}],"collection":[{"href":"https:\/\/aplicacoes.fcc.sc.gov.br\/wpmasc\/wp-json\/wp\/v2\/tnc_col_9_item"}],"about":[{"href":"https:\/\/aplicacoes.fcc.sc.gov.br\/wpmasc\/wp-json\/wp\/v2\/types\/tnc_col_9_item"}],"replies":[{"embeddable":true,"href":"https:\/\/aplicacoes.fcc.sc.gov.br\/wpmasc\/wp-json\/wp\/v2\/comments?post=80"}],"version-history":[{"count":0,"href":"https:\/\/aplicacoes.fcc.sc.gov.br\/wpmasc\/wp-json\/wp\/v2\/tnc_col_9_item\/80\/revisions"}],"wp:attachment":[{"href":"https:\/\/aplicacoes.fcc.sc.gov.br\/wpmasc\/wp-json\/wp\/v2\/media?parent=80"}],"curies":[{"name":"wp","href":"https:\/\/api.w.org\/{rel}","templated":true}]}}

“Amazona” do Álbum Eco Art

<p>Santiago Cardenas (Bogotá, Colômbia, 1927)“Amazona”, do Álbum Eco Art, 1992, serigrafia sobre papel, 75&#215;63,5cm.</p>
