{"id":93,"date":"2019-10-27T18:38:52","date_gmt":"2019-10-27T21:38:52","guid":{"rendered":"https:\/\/aplicacoes.fcc.sc.gov.br\/wpmasc\/?post_type=tnc_col_9_item&#038;p=93"},"modified":"2019-10-28T12:01:10","modified_gmt":"2019-10-28T15:01:10","slug":"o-canto-da-terra-do-album-eco-art","status":"publish","type":"tnc_col_9_item","link":"https:\/\/aplicacoes.fcc.sc.gov.br\/wpmasc\/acervo\/o-canto-da-terra-do-album-eco-art\/","title":{"rendered":"\u201cO canto da terra\u201d do \u00c1lbum Eco Art"},"content":{"rendered":"<p>Fl\u00e1vio Shir\u00f3 (Sapporo, Jap\u00e3o, 1928)\u201cO canto da terra\u201d, do \u00c1lbum Eco Art 1992, serigrafia sobre papel, 74x62cm.<\/p>\n","protected":false},"featured_media":0,"parent":0,"menu_order":0,"comment_status":"closed","ping_status":"closed","template":"","format":"standard","class_list":["post-93","tnc_col_9_item","type-tnc_col_9_item","status-publish","format-standard","hentry","tnc_tax_5933-papel","tnc_tax_5899-serigrafia","tnc_tax_6-flavio-shiro"],"_links":{"self":[{"href":"https:\/\/aplicacoes.fcc.sc.gov.br\/wpmasc\/wp-json\/wp\/v2\/tnc_col_9_item\/93","targetHints":{"allow":["GET"]}}],"collection":[{"href":"https:\/\/aplicacoes.fcc.sc.gov.br\/wpmasc\/wp-json\/wp\/v2\/tnc_col_9_item"}],"about":[{"href":"https:\/\/aplicacoes.fcc.sc.gov.br\/wpmasc\/wp-json\/wp\/v2\/types\/tnc_col_9_item"}],"replies":[{"embeddable":true,"href":"https:\/\/aplicacoes.fcc.sc.gov.br\/wpmasc\/wp-json\/wp\/v2\/comments?post=93"}],"version-history":[{"count":0,"href":"https:\/\/aplicacoes.fcc.sc.gov.br\/wpmasc\/wp-json\/wp\/v2\/tnc_col_9_item\/93\/revisions"}],"wp:attachment":[{"href":"https:\/\/aplicacoes.fcc.sc.gov.br\/wpmasc\/wp-json\/wp\/v2\/media?parent=93"}],"curies":[{"name":"wp","href":"https:\/\/api.w.org\/{rel}","templated":true}]}}

“O canto da terra” do Álbum Eco Art

<p>Flávio Shiró (Sapporo, Japão, 1928)“O canto da terra”, do Álbum Eco Art 1992, serigrafia sobre papel, 74x62cm.</p>
